.
2684
What is the highest common factor of 1404928 and 119952?
784
What is the highest common divisor of 171 and 11213439?
57
What is the highest common factor of 17777 and 25662019?
613
Calculate the greatest common divisor of 3744882 and 72.
18
Calculate the greatest common divisor of 323 and 18548123.
19
Calculate the greatest common factor of 41447982 and 474.
474
Calculate the greatest common divisor of 1948515 and 375.
15
What is the highest common divisor of 122849646 and 13149?
1461
Calculate the highest common factor of 3021694 and 14950.
598
Calculate the highest common divisor of 61860 and 382710.
30
What is the greatest common divisor of 414 and 3781854?
18
Calculate the highest common factor of 11 and 957167893.
11
Calculate the highest common factor of 2392 and 88825632.
184
What is the highest common factor of 81349920 and 576?
288
What is the highest common divisor of 94138 and 213202?
242
Calculate the highest common divisor of 27747013 and 14.
7
Calculate the highest common factor of 14353 and 36301.
31
Calculate the greatest common factor of 51541 and 284123.
259
What is the highest common divisor of 74 and 43660629?
37
What is the greatest common divisor of 79401 and 6934620?
399
Calculate the greatest common divisor of 3961 and 3714823.
17
Calculate the greatest common divisor of 5264 and 2050704.
752
Calculate the greatest common factor of 134 and 16732580.
134
What is the greatest common factor of 1277 and 77193373?
1277
What is the greatest common divisor of 22978 and 2516768851?
11489
Calculate the highest common factor of 10 and 1069189570.
10
Calculate the highest common factor of 5470 and 467152222.
1094
What is the highest common divisor of 223941828 and 1914?
1914
Calculate the greatest common factor of 55638 and 396594.
198
What is the greatest common divisor of 1617908 and 84242?
1154
What is the greatest common factor of 1221 and 2917266?
33
What is the greatest common divisor of 9246 and 174364150?
3082
What is the greatest common factor of 85864 and 6392?
8
Calculate the highest common factor of 431304 and 32.
8
Calculate the greatest common factor of 162474270 and 8925.
1785
Calculate the highest common divisor of 26576499 and 116.
29
Calculate the highest common divisor of 632314 and 13906.
818
Calculate the greatest common divisor of 78309090 and 4770.
4770
Calculate the greatest common factor of 520980 and 459705.
285
Calculate the greatest common factor of 159640419 and 654.
327
Calculate the greatest common factor of 624 and 88533510.
78
What is the highest common factor of 1158562853 and 20937?
6979
What is the highest common factor of 128 and 143303296?
128
What is the highest common divisor of 1135180 and 36?
4
What is the highest common factor of 1624 and 12350636?
116
Calculate the highest common factor of 3564 and 1430.
22
What is the highest common factor of 33 and 12497221?
11
Calculate the greatest common divisor of 35784 and 365320.
8
What is the greatest common factor of 771128 and 6800?
8
Calculate the greatest common factor of 40970 and 324416848.
8194
What is the greatest common divisor of 100356282 and 4446?
234
Calculate the greatest common factor of 164525303 and 2703.
901
Calculate the greatest common factor of 450 and 14914600.
50
Calculate the highest common divisor of 11759853 and 63.
21
What is the greatest common factor of 1210808081 and 37828?
9457
Calculate the greatest common divisor of 31250 and 1055081250.
6250
Calculate the highest common factor of 134 and 199122124.
134
Calculate the highest common factor of 2346749688 and 254.
254
What is the greatest common factor of 121381 and 203686655?
9337
Calculate the highest common factor of 2456 and 41960.
8
What is the highest common factor of 3624 and 8133464?
1208
What is the greatest common divisor of 993920 and 640?
640
What is the highest common factor of 96915 and 9568650?
1365
Calculate the highest common factor of 694265 and 141570.
715
What is the greatest common factor of 1520 and 4848040?
760
What is the greatest common factor of 526994316 and 270?
54
Calculate the highest common divisor of 2648254 and 1206702.
854
Calculate the highest common divisor of 176 and 77674564.
44
What is the greatest common divisor of 999334 and 19434?
82
Calculate the greatest common divisor of 8109 and 2203263.
477
What is the greatest common divisor of 1832 and 308692?
916
Calculate the highest common divisor of 15704478 and 126.
18
What is the highest common factor of 452082784 and 80?
16
Calculate the highest common divisor of 43572396 and 28.
28
Calculate the highest common factor of 2547272 and 11116.
28
Calculate the highest common divisor of 598731 and 148617.
147
Calculate the greatest common divisor of 10176 and 12322924.
212
Calculate the highest common divisor of 32650260 and 40.
20
Calculate the highest common factor of 178791943 and 11.
11
What is the greatest common factor of 737454 and 14?
2
What is the highest common divisor of 33955444 and 236?
236
What is the highest common divisor of 31887408 and 112?
112
What is the greatest common divisor of 149690 and 490?
10
Calculate the highest common factor of 1562350 and 3725.
25
What is the highest common divisor of 4777775 and 496175?
5575
Calculate the highest common divisor of 4780242 and 32346.
54
What is the highest common factor of 24945 and 161820?
15
Calculate the highest common factor of 11124 and 94516920.
3708
What is the greatest common divisor of 64898876 and 488?
244
What is the highest common factor of 6524184 and 72?
24
Calculate the highest common factor of 296 and 42848328.
8
What is the highest common divisor of 38808 and 166488?
168
What is the greatest common divisor of 771812 and 34540?
628
What is the highest common factor of 1016456 and 3136?
392
Calculate the greatest common divisor of 1605610 and 2336270.
3070
Calculate the highest common factor of 246309 and 1150737.
777
What is the highest common divisor of 96624 and 48048?
528
Calculate the greatest common divisor of 354726 and 513378.
54
Calculate the highest common divisor of 4352 and 1526056.
136
Calculate the highest common factor of 46 and 1843979.
23
What is the greatest common factor of 841032 and 20?
4
Calculate the highest common factor of 84015 and 5535.
45
Calculate the highest common factor of 7201488 and 14.
14
What is the greatest common divisor of 33 and 20692474?
11
Calculate the greatest common factor of 3212251 and 46767.
917
What is the highest common divisor of 310360 and 1080?
40
Calculate the greatest common factor of 36368 and 629504.
16
Calculate the greatest common divisor of 455 and 11641890.
65
What is the greatest common divisor of 2766 and 525769578?
2766
Calculate the greatest common factor of 1132 and 153739467.
283
What is the highest common factor of 43070075 and 3625?
725
What is the highest common factor of 2907 and 76880137?
323
Calculate the greatest common divisor of 3238081 and 99.
11
Calculate the highest common factor of 11715 and 29605.
5
Calculate the highest common factor of 42 and 9426627.
21
Calculate the highest common factor of 93886 and 3222622.
598
What is the greatest common factor of 160306000 and 30000?
2000
Calculate the highest common divisor of 128374109 and 299.
23
What is the greatest common factor of 936 and 1004029?
13
Calculate the highest common divisor of 80 and 29281040.
80
What is the highest common factor of 2384980911 and 9?
9
Calculate the greatest common divisor of 102 and 333180.
6
What is the greatest common divisor of 42 and 1061833458?
42
Calculate the highest common divisor of 28 and 3041101.
7
Calculate the greatest common factor of 104468 and 1128484.
1148
What is the highest common factor of 1473184 and 36936?
152
Calculate the greatest common divisor of 49 and 12857803.
7
Calculate the greatest common factor of 532 and 1340507.
133
Calculate the highest common factor of 614 and 250466.
2
What is the highest common divisor of 590 and 121869574?
118
What is the highest common divisor of 8810 and 15880?
10
What is the greatest common factor of 265242 and 7206?
6
What is the greatest common divisor of 7868526 and 2826?
942
What is the highest common factor of 915824 and 37856?
1456
What is the greatest common factor of 2